st common factor of h and l.
30
Let i(u) = -u**3 + 24*u**2 - 45*u + 33. Let j be i(22). Suppose 14*p - 171 = j*p. Calculate the greatest common factor of p and 3.
3
Let k = -1958 - -2186. Calculate the greatest common divisor of 144 and k.
12
Suppose -2*r = 27*r - 58. What is the highest common factor of r and 8?
2
Let h = 8 - 3. Suppose -j + 56 = -5*q, 2*j - h*q - 112 = -3*q. Let a = j + -8. What is the highest common divisor of a and 6?
6
Let r(t) be the third derivative of t**4/24 + 11*t**2. Let k be r(8). Calculate the greatest common divisor of k and 2.
2
Suppose -4*u + 6*u + 28 = 0. Let l = -15 - u. Let f(r) = -25*r - 1. Let x be f(l). Calculate the greatest common factor of x and 60.
12
Suppose -42 = -2*q - 4*z - 10, -4*q + 108 = -3*z. Suppose -2*u - 5*j = -97, -3*u - 2*j + 123 = j. Calculate the greatest common factor of u and q.
12
Let t be 0 + (-1 + 68 - 1). Let v(g) = g**2 + g - 229. Let w be v(15). What is the greatest common divisor of w and t?
11
Let c(x) = 1. Let g(y) = -5*y - 13. Let b(r) = 2*c(r) + g(r). Let u be b(-5). Suppose -11*f = -u*f + 18. Calculate the highest common factor of 9 and f.
3
Let p be (-2)/(-8) - 245/20. Let f be 6 - (p/3)/2. Let i be 98/5 + 2/5. What is the highest common divisor of f and i?
4
Suppose 0 = -2*l + 4, y - 4*y - 5*l + 1036 = 0. What is the greatest common factor of 6 and y?
6
Let y(w) = 4*w - 2. Let f be y(1). Let d = -5 + 2. Let x(u) = -7*u + 1. Let b be x(d). What is the highest common divisor of f and b?
2
Suppose 530 = 20*q + 130. Suppose -5*b = -17 - 3. Calculate the greatest common divisor of b and q.
4
Suppose -4*y + 28 = 3*k, 4 - 16 = -3*k. Suppose c + y*c = 30. Suppose 0 = 9*a - a - 384. Calculate the highest common factor of c and a.
6
Let k(z) = 9*z**2 - 3*z + 15. Let m be k(4). Calculate the highest common divisor of m and 343.
49
Suppose -13*t + 46*t - 3795 = 0. Let w(c) = -c**2 - 6*c - 3. Let b be w(-4). Calculate the highest common factor of b and t.
5
Let a be 1/(-4) - (-12)/(-16). Let j be a*(-1 + -6) + -4. Let b(u) = -u + 5. Let p be b(j). What is the highest common divisor of 5 and p?
1
Suppose 0 = 7*h - 3*h. Suppose 6 = 3*y - h. Suppose -3*p + 281 = -y*z, 8 = 2*z - 4*z. Calculate the greatest common divisor of 13 and p.
13
Let x be 2289/15 + -4*(-2)/20. What is the greatest common divisor of x and 9?
9
Suppose -11*l + 12*l = 6. Let k be (-1 - -11) + -8 + l. Calculate the highest common factor of 32 and k.
8
Suppose -285 = -3*j - 2*q, 0 = j + q - 5*q - 81. Calculate the greatest common factor of 2697 and j.
93
Suppose 7 = -9*w + 10*w. Suppose w*d = d + 138. Let n be -1 - -1*(-47)/(-1). What is the highest common divisor of n and d?
23
Let u = 552 - 512. Calculate the greatest common factor of 540 and u.
20
Suppose 0 = -2*y + 6*y - 2*k - 4, -20 = 4*y + 4*k. Let m be ((-36)/(-45))/(y/35). Let n be (3 + (-39)/12)*m. What is the greatest common divisor of 21 and n?
7
Let o(s) = -3*s**2 - 45*s - 52. Let c be o(-13). What is the greatest common divisor of 793 and c?
13
Suppose 176*j - 210 = 146*j. Suppose -10 = -b + 2*l, -b - 12 + 2 = 2*l. Suppose 3*z - 148 - 83 = b. Calculate the highest common divisor of z and j.
7
Suppose -4*g + 3*g = 2*b - 126, -189 = -3*b - g. Let o be (0 - -1)*(14 + -13). Let m be 54/8 + o/4. What is the greatest common factor of b and m?
7
Suppose -4*b + 45*q = 46*q - 16, q = 3*b - 5. Calculate the greatest common divisor of b and 57.
3
Suppose 0 = 3*b - x + 4*x - 12, 3*b - 3*x - 18 = 0. Let z = -3 - b. Let y = z + 10. Calculate the greatest common divisor of y and 16.
2
Let x = 6 + -1. Suppose -2*f = -4*f + 8. Suppose 16 = 4*k - f. What is the highest common factor of x and k?
5
Let o(g) = g + 1. Let x(u) = u**3 + 5*u**2 - 2*u - 8. Let m(a) = -4*o(a) - x(a). Let y be m(-5). What is the greatest common factor of y and 7?
7
Let p = -85 + 97. Let w(n) = -n**2 + 13*n - 4. Let t be w(p). Calculate the greatest common divisor of t and 24.
8
Suppose 0 = g + 3*i - 68, 4*g + 3*i - i - 312 = 0. What is the greatest common factor of g and 100?
20
Let j be ((-6)/4 + -2)*-2. Let a(z) = 1 - 18*z - 9 - 3*z**2 + 27*z + 2*z**2. Let g be a(j). Calculate the greatest common factor of g and 15.
3
Suppose 0 = -g - g + 2*o + 16, 16 = 5*g + 3*o. Suppose 0 = d + 3 - g. Suppose -d*p = -105 + 5. Calculate the highest common divisor of p and 10.
10
Suppose r = 2*r + 3. Let v be ((-45)/r)/((-1)/(-5)). Suppose 3*j = 2*b - 63, 123 = -3*b + 7*b - 3*j. What is the greatest common factor of v and b?
15
Let t(l) = l**3 + 23*l**2 + 27*l + 130. Let j be t(-22). Calculate the greatest common divisor of 270 and j.
10
Let z = 25 + 11. Suppose 9*o - 5*o + 4 = -4*g, 5*g - 35 = 5*o. Suppose -g*b - 7 = -p, -2*p + b = -3*b - 12. What is the highest common divisor of p and z?
4
Let d = 23 + -5. Let g(j) = j**2 + 2*j - 4. Let t be g(10). Suppose 35 = -3*r + t. Calculate the highest common divisor of r and d.
9
Suppose -75*t - 48 = -79*t. Let d = 234 + -102. Calculate the greatest common factor of d and t.
12
Let a(x) = x**2 - 2*x + 6. Let j = 10 - 10. Suppose j = 4*y - 5*m - 2, 2*y - 4*m - 2 = -2*m. Let v be a(y). Calculate the greatest common divisor of 72 and v.
9
Suppose 2*o + 3*o = 225. Let z(r) = r + 15. Let c be z(-10). Suppose 30 = 3*j - u + 3, c*u - o = -5*j. What is the highest common factor of 63 and j?
9
Let m be ((-50)/(-20))/(40/384). What is the highest common factor of m and 540?
12
Suppose 2867 - 12709 = -37*y. Calculate the highest common factor of 38 and y.
38
Suppose 0 = -n - 3*n + 544. Let z(j) = 2*j**2 - 14*j + 17. Let y be z(7). What is the greatest common factor of y and n?
17
Let d be 8/(-32)*(-1 + -163). Let m = -18 + d. What is the greatest common factor of m and 23?
23
Let u(g) = -5*g**2 - 4*g - g**3 + 10*g**2 - 4 + 1. Let r be u(4). Let m be -1*(-3 - r) + 2. Calculate the greatest common divisor of 6 and m.
2
Let o = 27 - -17. Let x = -59 - -125. Calculate the greatest common factor of o and x.
22
Let g(c) = c - 3. Let w be g(11). What is the highest common divisor of 208 and w?
8
Let x be (-7)/(-28) - (-139)/4. Suppose -2*p = 2*p + 4*k - 148, -x = -p + k. Calculate the greatest common factor of 396 and p.
36
Let x = 1 + 2. Suppose -3*c - f + x*f + 235 = 0, 2*f = c - 85. Calculate the highest common factor of c and 50.
25
Let k be (-4)/(-10) - 103/(-5). Let o(h) = 6*h**2 + h - 8. Let x be o(5). What is the greatest common divisor of k and x?
21
Let i(b) = 3*b**2 + 14*b + 2. Let t be i(4). What is the highest common factor of 159 and t?
53
Suppose 3*n - 158 = -2*p - 2*n, 3*p = -n + 250. Calculate the highest common factor of 42 and p.
42
Let a(m) = -m**3 + 14*m**2 + 81*m + 112. Let l be a(16). Calculate the highest common factor of 7 and l.
7
Let x be 0 - -137 - (98 + -105). What is the greatest common divisor of x and 768?
48
Let b(c) = -c**3 - 3*c**2 - 32. Let w be b(-5). Let z be (-24 - -2)/(24/w + -2). Calculate the greatest common factor of z and 3.
3
Let a(n) = 13*n + 1. Let z = -12 - -9. Let l(q) = -12*q - 1. Let c(x) = z*l(x) - 2*a(x). Let s be c(1). Calculate the greatest common divisor of 44 and s.
11
Let v(b) = -b**3 + 23*b**2 - 20*b - 38. Let q be v(22). What is the highest common factor of q and 291?
3
Let f = 131 + -127. Calculate the greatest common divisor of 20 and f.
4
Let y = -56 - -26. Let z = -17 - y. Suppose 2 = 4*w - 50. What is the greatest common factor of w and z?
13
Let v(x) = -8*x - 57. Let r be v(-8). Suppose 0 = -4*f + r*f - 90. What is the highest common divisor of f and 50?
10
Let z = 666 + -552. Calculate the greatest common factor of 12 and z.
6
Let t = 30 - -2. Let i = -220 - -252. What is the highest common divisor of i and t?
32
Let b(s) = s**3 - 9*s**2 - 10*s. Let u be b(10). Let y be -2 - -3 - 7*-4. Suppose k - 113 + y = u. What is the highest common factor of k and 12?
12
Suppose 0 = -2*x + j + 276, 2*j = x + 7*j - 160. What is the greatest common divisor of x and 56?
28
Let u be (2/5)/(2/80). Let m = -538 + 578. What is the greatest common divisor of u and m?
8
Let q = -1 + 5. Suppose 2*d = q*g - 5 - 23, 2*d - 20 = -4*g. Let m = 70 + -58. What is the highest common divisor of m and g?
6
Suppose 7*n - 3*y + 561 = 2*n, 0 = -2*n + 2*y - 226. Let x = -87 - n. What is the greatest common divisor of x and 40?
8
Let c be ((-3)/5)/(4/(-2